{"id":5849,"date":"2022-11-23T20:17:58","date_gmt":"2023-01-26T19:00:43","guid":{"rendered":"https:\/\/vivando.ch\/shop\/unkategorisiert\/selvarossa-salice-salentino-dop-riserva-magnum\/"},"modified":"2023-01-26T20:00:43","modified_gmt":"2023-01-26T19:00:43","slug":"selvarossa-salice-salentino-dop-riserva-magnum-2","status":"publish","type":"product","link":"https:\/\/vivando.ch\/de\/shop\/spirituosen\/weine\/rot\/selvarossa-salice-salentino-dop-riserva-magnum-2\/","title":{"rendered":"Selvarossa Salice Salentino DOP Riserva Magnum"},"content":{"rendered":"<p>Wein aus reifen, ausgew\u00e4hlten Negroamaro und Malvasia Nera Trauben, die von Hand in Kisten geerntet und in unserem Obstkeller getrocknet werden. Die Mazeration erfolgte in horizontalen Rotationsfermentern mit einem Fassungsverm\u00f6gen von 500 Hektolitern. W\u00e4hrend dieses Zeitraums (14 Tage) vollzog der Wein auch die alkoholische G\u00e4rung bei einer Temperatur von nicht mehr als 20\u00b0C und wurde dann in neue Barriques gef\u00fcllt, wo er die malolaktische G\u00e4rung vollzog. Anschlie\u00dfend wurde er dekantiert und in Barriques gef\u00fcllt, wo er 9 Monate lang blieb. Anschlie\u00dfend wurde der Wein in der Flasche gereift, bevor er auf den Markt kam.<br \/>\nIntensive, tief rubinrote Farbe mit Amarant-T\u00f6nen. In der Nase besticht er durch Aromen von Kirschmarmelade und Datteln, Vanille- und Lakritznoten. Am Gaumen zeigen sich Noten von roten Fr\u00fcchten und s\u00fc\u00dfe Nuancen von Holz. Warm, mit gutem Duft und kr\u00e4ftigen, aber zarten Tanninen. Dauerhaftes Ende.<\/p>\n<div class=\"product-actions\">\n<div class=\"product-variants\"><\/div>\n<section class=\"product-discounts\"><\/section>\n<div class=\"product-add-to-cart\">\n<div class=\"product-quantity\">\n<div class=\"input-group bootstrap-touchspin\"><\/div>\n<\/div>\n<\/div>\n<\/div>\n","protected":false},"excerpt":{"rendered":"<p>Fesselnde Aromen von Kirschmarmelade und Datteln, Noten von Vanille und Lakritze. Am Gaumen zeigen sich Noten von roten Fr\u00fcchten und s\u00fc\u00dfe Nuancen von Holz.<\/p>\n","protected":false},"featured_media":3555,"template":"","meta":[],"product_brand":[],"product_cat":[810,786,805],"product_tag":[1364],"class_list":{"0":"post-5849","1":"product","2":"type-product","3":"status-publish","4":"has-post-thumbnail","6":"product_cat-rot","7":"product_cat-spirituosen","8":"product_cat-weine","9":"product_tag-cantina-due-palme-de","10":"pa_abbinamenti-rotes-fleisch","11":"pa_abbinamenti-spiel","12":"pa_abbinamenti-vorspeisen","13":"pa_annata-2019-de","14":"pa_cantina-cantina-due-palme-de","15":"pa_colore-rot","16":"pa_denominazione-dop-de","17":"pa_formato-bottiglia-magnum-de","18":"pa_gradazione-alcolica-14-5-de","19":"pa_nazione-italien","20":"pa_note-daten","21":"pa_note-kirsche","22":"pa_note-lakritz","23":"pa_note-vanille","24":"pa_regione-apulien","25":"pa_sapore-ein-hauch-von-holz","26":"pa_sapore-heis","27":"pa_sapore-persistent","28":"pa_sapore-rote-fruchte","29":"pa_tipologia-stopp","30":"pa_uvaggio-negroamaro-de","31":"pa_uvaggio-schwarzer-malvasier","33":"first","34":"instock","35":"taxable","36":"shipping-taxable","37":"purchasable","38":"product-type-simple"},"_links":{"self":[{"href":"https:\/\/vivando.ch\/de\/wp-json\/wp\/v2\/product\/5849","targetHints":{"allow":["GET"]}}],"collection":[{"href":"https:\/\/vivando.ch\/de\/wp-json\/wp\/v2\/product"}],"about":[{"href":"https:\/\/vivando.ch\/de\/wp-json\/wp\/v2\/types\/product"}],"wp:featuredmedia":[{"embeddable":true,"href":"https:\/\/vivando.ch\/de\/wp-json\/wp\/v2\/media\/3555"}],"wp:attachment":[{"href":"https:\/\/vivando.ch\/de\/wp-json\/wp\/v2\/media?parent=5849"}],"wp:term":[{"taxonomy":"product_brand","embeddable":true,"href":"https:\/\/vivando.ch\/de\/wp-json\/wp\/v2\/product_brand?post=5849"},{"taxonomy":"product_cat","embeddable":true,"href":"https:\/\/vivando.ch\/de\/wp-json\/wp\/v2\/product_cat?post=5849"},{"taxonomy":"product_tag","embeddable":true,"href":"https:\/\/vivando.ch\/de\/wp-json\/wp\/v2\/product_tag?post=5849"}],"curies":[{"name":"wp","href":"https:\/\/api.w.org\/{rel}","templated":true}]}}

<p>Wein aus reifen, ausgewählten Negroamaro und Malvasia Nera Trauben, die von Hand in Kisten geerntet und in unserem Obstkeller getrocknet werden. Die Mazeration erfolgte in horizontalen Rotationsfermentern mit einem Fassungsvermögen von 500 Hektolitern. Während dieses Zeitraums (14 Tage) vollzog der Wein auch die alkoholische Gärung bei einer Temperatur von nicht mehr als 20°C und wurde dann in neue Barriques gefüllt, wo er die malolaktische Gärung vollzog. Anschließend wurde er dekantiert und in Barriques gefüllt, wo er 9 Monate lang blieb. Anschließend wurde der Wein in der Flasche gereift, bevor er auf den Markt kam.<br />
Intensive, tief rubinrote Farbe mit Amarant-Tönen. In der Nase besticht er durch Aromen von Kirschmarmelade und Datteln, Vanille- und Lakritznoten. Am Gaumen zeigen sich Noten von roten Früchten und süße Nuancen von Holz. Warm, mit gutem Duft und kräftigen, aber zarten Tanninen. Dauerhaftes Ende.</p>
<div class="product-actions">
<div class="product-variants"></div>
<section class="product-discounts"></section>
<div class="product-add-to-cart">
<div class="product-quantity">
<div class="input-group bootstrap-touchspin"></div>
</div>
</div>
</div>

<p>Fesselnde Aromen von Kirschmarmelade und Datteln, Noten von Vanille und Lakritze. Am Gaumen zeigen sich Noten von roten Früchten und süße Nuancen von Holz.</p>
